 Suppose -v = g*v - l. What are the prime factors of v?
41
Suppose 3*n - 290 = -3*f + 349, 2*n - 2*f = 414. What are the prime factors of n?
2, 3, 5, 7
List the prime factors of ((-1048)/24)/((-4)/48).
2, 131
Suppose 2*y - 1 = 5*l - 38, 3*y - l = -36. Let n = y - -11. Let w(q) = q**2 - 2*q + 27. List the prime factors of w(n).
3
Let n(p) = p**3 - p**2 - 6*p + 8. Let c = 52 - 47. What are the prime factors of n(c)?
2, 3, 13
Suppose 0 = 4*p + 5*k - 33, 0*p + 4*p - 26 = 2*k. Suppose 4*u = p*u - 132. What are the prime factors of u?
2, 11
Let j = -4946 + 9093. List the prime factors of j.
11, 13, 29
Let x be 2/(39/12 + -3). Let o be 2/x*0 - -8. What are the prime factors of (0 + -6)*(-12)/o?
3
Let f be 4/28 - (23559/(-21) - -1). Suppose 0 = 7*m - f - 867. List the prime factors of m.
2, 71
Suppose 0 = 7*v - 1725 - 1040. What are the prime factors of v?
5, 79
Let w be (-9)/(-3) + -1 - -36. Let d = -28 - -25. List the prime factors of w/(-9)*3*d.
2, 19
Let n = -101 - -215. What are the prime factors of n?
2, 3, 19
Let c(p) = -p**2 + 58*p - 151. What are the prime factors of c(41)?
2, 3, 7, 13
Let r(w) = -9*w - 23. Let b be r(-7). Suppose 4*t + 4 - b = 0. Suppose -4*p + 135 + t = 0. List the prime factors of p.
2, 3
Let x(n) = -8 - 7 - 8 + 19*n - 4. List the prime factors of x(6).
3, 29
Let y(m) = 13*m + 44. Let r(q) = -14*q - 43. Let u(n) = 4*r(n) + 3*y(n). What are the prime factors of u(-6)?
2, 31
Suppose -6*c - 3*c = -63. Suppose -602 = -0*d - c*d. What are the prime factors of d?
2, 43
Suppose 0 = -k - k + 2. Suppose -5*x = p - k + 2, 4*p - 3*x - 19 = 0. Suppose p*v + v = 225. List the prime factors of v.
3, 5
Let r(f) = -f**3 - 4*f**2 + 4*f - 4. Let p be r(-5). Suppose o = -p + 2. List the prime factors of (-27)/15*(o - 6).
3
Let z(y) = -2*y + 10. Let l be z(5). Suppose 8*g - 290 - 318 = l. What are the prime factors of g?
2, 19
List the prime factors of (168/(-30))/((-4)/110).
2, 7, 11
Let o(u) = 3*u**2 + 33*u - 190. List the prime factors of o(-29).
2, 43
Let r = -78 - -108. What are the prime factors of r/(-20)*(-892)/6?
223
Suppose 4*s = -2*x + 4, -10*x + 8 = -6*x - 4*s. Let k(g) = 75*g. What are the prime factors of k(x)?
2, 3, 5
What are the prime factors of (-306)/270 + (-2)/(-15) + 893?
2, 223
Suppose 2*w - 7*k = -2*k + 1350, 2*k = -3*w + 2044. Suppose w = 11*o - 7*o. List the prime factors of o.
2, 5, 17
Let y be (8/3)/(6/9). Suppose 0 = -3*o + 5*a + 204, y*o - 5*a = 5*o - 48. What are the prime factors of o?
3, 7
Let l(k) = 10*k - 2. Suppose a = 2, -3 = -7*h + 2*h + a. Let f be l(h). Let n = f + 22. List the prime factors of n.
2, 3, 5
Suppose 0 = 5*y - 29 - 11. Let a(v) = 4*v + 26. List the prime factors of a(y).
2, 29
Suppose 0 = -23*j + 21694 - 1500. What are the prime factors of j?
2, 439
Let l(a) = 7*a**3 - 6*a**2 - 4*a + 3*a**3 + 9*a**3 - 17*a**3 + 3. List the prime factors of l(5).
83
Let q(t) = t - 3. Let v be q(3). Suppose -10*i + 4*i + 126 = v. List the prime factors of i.
3, 7
Let w = -80 - -5. Let p = 116 + w. List the prime factors of p.
41
Suppose 2*z + 18 = -4*f, 3*z - 4*z = 5*f + 24. Let h(d) = -4*d**3 - d + 1. Let o be h(1). Let v = z - o. List the prime factors of v.
5
Let l be 3/3 - (10 + -2). Let d(b) = -27*b - 11. What are the prime factors of d(l)?
2, 89
Let v(r) = -40*r - 50. Let q(f) = -16*f - 20. Let l(h) = -12*q(h) + 5*v(h). List the prime factors of l(-6).
2, 19
Suppose j - 24 = -5*j. Let u(v) = 9*v**2 - j*v + 4*v + 30 - v - 32. List the prime factors of u(2).
2
Let f be -15*(2 + (-133)/5). Let c = f + -254. What are the prime factors of c?
5, 23
Let i be -4 - ((-522)/3)/2. Let f = i - 45. What are the prime factors of f?
2, 19
Suppose -1228 = -4*l + 440. What are the prime factors of l?
3, 139
Let q(v) be the second derivative of v**4/12 + v**3/2 + v**2 - v. Suppose -4*g - 16 = 4*l - 5*g, 0 = -l - 2*g + 5. List the prime factors of q(l).
2
Let m(n) = n**2 - 9*n. Let f be m(9). Let l be (-3)/(-4)*(4 - f). Suppose -u - 34 = -l*u. What are the prime factors of u?
17
Let a be (84/30)/(0 - 3/75). Let j = a - -224. What are the prime factors of j?
2, 7, 11
Let y be 0/(-11 - -5) + 1*7. Suppose 3*h + 0*h - 21 = 0. Let d = y + h. What are the prime factors of d?
2, 7
Let z = -4231 - -6581. List the prime factors of z.
2, 5, 47
Suppose 0 = -k + 3*k + 10. Let i(v) = -v**2 - 6*v + 4. Let p be i(k). Suppose -p*q = -7*q - 34. What are the prime factors of q?
17
Let g(h) = 11*h - 5. Let i be g(10). Let o = i + 17. What are the prime factors of o?
2, 61
Suppose 2 = 2*x - x. Suppose -121 = -5*w + x*w + m, 5*m - 235 = -5*w. What are the prime factors of w?
2, 3, 7
Let a(o) = o**2 + 7*o - 5. Suppose 2*s + 13 = -2*r + 1, 3*s - 6 = 0. Let p be a(r). What are the prime factors of 32*3/p - 0?
2
Let z(h) = -2*h. Let j = 0 - -3. Let n be -8 - (3*-2)/j. List the prime factors of z(n).
2, 3
Let m = 412 + -398. List the prime factors of m.
2, 7
Suppose -4*o = 3*c + 7 - 36, -12 = c - 3*o. Suppose -4*n = -c*n - 5, -n + 15 = 2*j. Let w = 16 + j. List the prime factors of w.
3, 7
Let m be 2720/104 - 2/13. Let z = m - 25. Suppose -r - r = 3*j - z, 0 = -r + 3*j + 23. What are the prime factors of r?
2
What are the prime factors of 1299/(17/15 - 64/80)?
3, 433
Suppose -4*j + 2*j - 24 = 0. Let t(o) = -3*o**2 + 6*o + 7. Let h be t(-1). List the prime factors of h/j + (-1577)/(-114).
2, 7
Suppose -25*x - 3336 = -29*x. List the prime factors of x.
2, 3, 139
Let n = 685 - 395. List the prime factors of n.
2, 5, 29
Suppose 0 = -3*i + 25 + 8. List the prime factors of i/(-3*2/(-18)).
3, 11
Let w(f) = 5*f**2 + 34*f - 76. List the prime factors of w(-25).
3, 733
Suppose 0 = 5*b - 2*h - 1406, 834 = 3*b - 0*h + 2*h. What are the prime factors of b?
2, 5, 7
Let v = -22 + 30. Suppose v*o + 355 = 3*o. Let s = 106 + o. List the prime factors of s.
5, 7
Let y(b) = -11*b**2 + 2*b**2 + 9*b**2 - 10*b + 9 + 4*b**2. List the prime factors of y(6).
3, 31
Let j(o) be the first derivative of o**4/4 - 8*o**3/3 - 11*o**2/2 + 8*o - 4. List the prime factors of j(10).
2, 7
Let l be (-1)/(-2 + 3)*-11. Suppose -2*x + 4*x - 5*r = -9, -33 = 5*x - 2*r. Let k = l + x. What are the prime factors of k?
2
Suppose 0 = y - 2 - 1. Let a(u) = 5*u + 30. Let n be a(-5). Suppose -44 = -n*i + y*i. List the prime factors of i.
2, 11
Let t be (21*-5)/(-1 + 0). Let c = -5 - -7. List the prime factors of c/8 + t/12.
3
Suppose -27640 = -15*z + 7*z. List the prime factors of z.
5, 691
Let z = 39 - 39. Suppose -62*c + 60*c + 44 = z. What are the prime factors of c?
2, 11
Let z(q) = -6 + 0 + 21*q + 0. What are the prime factors of z(3)?
3, 19
Suppose 0 = 4*r - 15 - 1. Suppose 3*x - r*a = x + 10, 0 = 3*x + 3*a + 3. List the prime factors of 1/(2/74)*x.
37
Suppose -3*c - 5*a = -9*a - 3355, -a - 3352 = -3*c. What are the prime factors of c?
1117
What are the prime factors of (-6826)/(-18) + 4/(-18)?
379
Let o be 0 + (3 - 0) + 10. Suppose 0 = 3*i - 5 - o. List the prime factors of 268/i + (-1)/(-3).
3, 5
Suppose -2*t + 34 = -128. List the prime factors of 12/(-24)*(-1 - t).
41
Suppose 5*o = 2*i + 24, 3*i + 2 = -o - 0. Let y be 0*(-1)/(-3) - i. Suppose -g + y*g - 36 = 0. List the prime factors of g.
2, 3
Let u be 4/(4*(-4)/(-48)). Let h = 14 - u. Suppose 0 = -4*m - 14 - h, a - m = 35. What are the prime factors of a?
31
Let t be (-20)/(-3)*(-6)/(-8). Suppose -2*w + 4*y + 68 = -6*w, -t*w - 2*y - 70 = 0. What are the prime factors of ((-7)/14)/(1/w)?
2, 3
Let k(o) = 41*o**2. Let v be k(1). Let t(x) = -x**2 - 4*x + 21. Let j be t(3). Suppose l = -2*d + 42, j*d + 3*d = 4*l + v. List the prime factors of d.
19
Suppose 2044 = -12*h + 19*h. What are the prime factors of h?
2, 73
Suppose -2*c - c = -51. Let k = c - -11. Suppose 0 = -u - 2*o + k, -u + 2*o = 2*u - 44. What are the prime factors of u?
2, 3
Let r(v) = -v**3 - 2*v**2 - 6*v - 1. Let p be r(-3). Let f(x) = -x**2 + 9*x - 7. Let n be f(7). Let g = p - n. List the prime factors of g.
19
Suppose -19236 + 342 = -6*z. List the prime factors of z.
47, 67
Suppose 5*i + 0*i - 797 = -2*r, 3*i = -r + 401. Let x = 549 - r. List the prime factors of x.
163
List the prime factors of 4310 - (-3 + 12 + 8 + -11).
2, 269
Let r be 3*6/(108/78). Let k be ((-22)/4)/((-1)/2). Suppose 26 = r*o - k*o. List the prime factors of o.
13
Suppose 3*s - 3248 = 4*v - 549, 